{"id":58,"date":"2013-02-20T11:13:34","date_gmt":"2013-02-20T09:13:34","guid":{"rendered":"http:\/\/woelfterode.de\/?page_id=58"},"modified":"2020-03-01T18:17:12","modified_gmt":"2020-03-01T16:17:12","slug":"woelfterode","status":"publish","type":"page","link":"https:\/\/woelfterode.de\/home\/","title":{"rendered":"Home"},"content":{"rendered":"<p><a href=\"wp-content\/uploads\/2013\/02\/Ortsansicht.jpg\" rel=\"lightbox[58]\"><span style=\"color: #000000;\">Herzlich willkommen auf der Homepage des Ortes W\u00f6lfterode.<\/span><br \/>\n<\/a><\/p>\n<p>Wie finde ich W\u00f6lfterode?<\/p>\n<div id=\"attachment_1311\" style=\"width: 310px\" class=\"wp-caption aligncenter\"><a href=\"http:\/\/woelfterode.de\/home\/woelfterode\/luftbild-woelfterode\/\"><img aria-describedby=\"caption-attachment-1311\" loading=\"lazy\" class=\"wp-image-1311 size-medium\" src=\"http:\/\/woelfterode.de\/wp-content\/uploads\/2015\/02\/Luftbild-W\u00f6lfterode-300x195.gif\" alt=\"Luftbild W\u00f6lfterode\" width=\"300\" height=\"195\" srcset=\"https:\/\/woelfterode.de\/wp-content\/uploads\/2015\/02\/Luftbild-W\u00f6lfterode-300x195.gif 300w, https:\/\/woelfterode.de\/wp-content\/uploads\/2015\/02\/Luftbild-W\u00f6lfterode-462x300.gif 462w\" sizes=\"(max-width: 300px) 100vw, 300px\" \/><\/a><p id=\"caption-attachment-1311\" class=\"wp-caption-text\">Luftbild W\u00f6lfterode<\/p><\/div>\n<p>&nbsp;<\/p>\n<p>&nbsp;<\/p>\n<p>W\u00f6lfterode liegt zwischen dem Ringgau im Norden und dem Richelsdorfer Gebirge im S\u00fcden rund 7,5&nbsp;km (Luftlinie) s\u00fcd\u00f6stlich von Sontra. Durchflossen wird es von der Blanke, einem s\u00fcds\u00fcd\u00f6stlichen Zufluss der Ulfe. Am \u00f6stlichen Ortsrand verl\u00e4uft die Landesstra\u00dfe 3248, die n\u00f6rdlich auf die B&nbsp;400 st\u00f6\u00dft.<\/p>\n<p style=\"text-align: center;\"><iframe loading=\"lazy\" src=\"https:\/\/maps.google.de\/maps?f=q&amp;source=s_q&amp;hl=de&amp;geocode=&amp;q=Woelfterode&amp;aq=&amp;sll=51.175806,10.454119&amp;sspn=7.882264,10.019531&amp;t=h&amp;ie=UTF8&amp;hq=&amp;hnear=W%C3%B6lfterode&amp;z=14&amp;ll=51.021192,10.010624&amp;output=embed\" marginwidth=\"0\" marginheight=\"0\" scrolling=\"no\" width=\"425\" height=\"350\" frameborder=\"0\"><\/iframe><br \/>\n<small><a style=\"color: #0000ff; text-align: left;\" href=\"https:\/\/maps.google.de\/maps?f=q&amp;source=embed&amp;hl=de&amp;geocode=&amp;q=Woelfterode&amp;aq=&amp;sll=51.175806,10.454119&amp;sspn=7.882264,10.019531&amp;t=h&amp;ie=UTF8&amp;hq=&amp;hnear=W%C3%B6lfterode&amp;z=14&amp;ll=51.021192,10.010624\">Gr\u00f6\u00dfere Kartenansicht<\/a><\/small><\/p>\n<div id=\"attachment_368\" style=\"width: 589px\" class=\"wp-caption aligncenter\"><a href=\"http:\/\/woelfterode.de\/home\/woelfterode\/ortsansicht\/\"><img aria-describedby=\"caption-attachment-368\" loading=\"lazy\" class=\" wp-image-368\" src=\"http:\/\/woelfterode.de\/wp-content\/uploads\/2013\/02\/Ortsansicht-300x200.jpg\" alt=\"\" width=\"579\" height=\"386\" srcset=\"https:\/\/woelfterode.de\/wp-content\/uploads\/2013\/02\/Ortsansicht-300x200.jpg 300w, https:\/\/woelfterode.de\/wp-content\/uploads\/2013\/02\/Ortsansicht-1024x682.jpg 1024w, https:\/\/woelfterode.de\/wp-content\/uploads\/2013\/02\/Ortsansicht-450x300.jpg 450w\" sizes=\"(max-width: 579px) 100vw, 579px\" \/><\/a><p id=\"caption-attachment-368\" class=\"wp-caption-text\">Blick aus dem Finsteren Tal ins Dorf<\/p><\/div>\n<p><strong>Ortsvorsteher<\/strong><br \/>\nSiegfried Bogdanski<br \/>\nTriftweg 9<br \/>\nTelefon 06627 8274<\/p>\n<p><strong>Statistik<\/strong><br \/>\nEinwohnerzahl: 70<br \/>\nGesamtfl\u00e4che: 190 ha<\/p>\n<p><strong>Historie<\/strong><br \/>\nDas Dorf W\u00f6lfterode wurde erstmals urkundlich im Urkundenarchiv des Klosters Cornberg im Jahre 1363 und 1372 als &#8222;Welferode&#8220; erw\u00e4hnt. Es besa\u00df eine M\u00fchle und war ein Dorf der Bauern, Handwerker, Maurer und sp\u00e4ter der Arbeiter in den Kalisch\u00e4chten. 1585 wird die erste Kirche des Ortes erw\u00e4hnt. W\u00f6lfterode ist seit vier Jahrhunderten eine Filiale des Kirchspiels Ulfen. Die jetzige Kirche wurde 1715 im Fachwerkbaustil errichtet, der Backsteinturm aber erst 1900 angebaut. Zwei neue Bronzeglocken wurden 1960 f\u00fcr W\u00f6lfterode gegossen. Vorher besa\u00df W\u00f6lfterode eine Glocke aus dem Jahre 1880 und eine kleine Glocke aus dem 14. Jahrhundert, die damals dritt\u00e4lteste Glocke des Ulfetales.<\/p>\n<div id=\"attachment_1317\" style=\"width: 310px\" class=\"wp-caption aligncenter\"><a title=\"Luftaufnahme W\u00f6lfterode\" href=\"http:\/\/woelfterode.de\/home\/woelfterode\/019_16\/\"><img aria-describedby=\"caption-attachment-1317\" loading=\"lazy\" class=\"wp-image-1317\" src=\"wp-content\/uploads\/2015\/02\/019_16-300x200.jpg\" alt=\"019_16\" width=\"300\" height=\"200\" srcset=\"https:\/\/woelfterode.de\/wp-content\/uploads\/2015\/02\/019_16-300x200.jpg 300w, https:\/\/woelfterode.de\/wp-content\/uploads\/2015\/02\/019_16-1024x683.jpg 1024w, https:\/\/woelfterode.de\/wp-content\/uploads\/2015\/02\/019_16-450x300.jpg 450w, https:\/\/woelfterode.de\/wp-content\/uploads\/2015\/02\/019_16.jpg 1536w\" sizes=\"(max-width: 300px) 100vw, 300px\" \/><\/a><p id=\"caption-attachment-1317\" class=\"wp-caption-text\">Luftaufnahme W\u00f6lfterode<\/p><\/div>\n<p>Viele Gemeinsamkeiten verbindet die W\u00f6lfter\u00f6der mit den Blankenbachern.<br \/>\nDie Vereine setzen sich aus Mitgliedern beider Orte zusammen.<br \/>\nDas M\u00fchlrad der jahrhundertealten M\u00fchle, die das obere Ulfedorf versorgte, wurde nach 1950 abgebaut, nachdem die M\u00fchle schon Jahrzehnte nicht mehr in Betrieb war. Durch den Ort f\u00fchrte einst die N\u00fcrnberger Stra\u00dfe. Durch den Bau der Ulfetalumgehungsstra\u00dfe wurde W\u00f6lfterode ein stilles Dorf.<\/p>\n<p><strong>Freizeit und Kulturelles<\/strong><br \/>\nIn einem der kleinsten Stadtteile ist die Freiwillige Feuerwehr neben dem Landfrauenverein die tragende Kraft. Der dort erhaltene Gemeinschaftssinn zeigt sich auch beim Sommerfest, das viele Besucher aus der weiteren Umgebung anlockt.<\/p>\n<p>Das Dorfgemeinschaftshaus steht f\u00fcr eine rege Inanspruchnahme durch die Einwohner und G\u00e4ste zur Verf\u00fcgung.<\/p>\n","protected":false},"excerpt":{"rendered":"<p>Herzlich willkommen auf der Homepage des Ortes W\u00f6lfterode. Wie finde ich W\u00f6lfterode? &nbsp; &nbsp; W\u00f6lfterode liegt zwischen dem Ringgau im Norden und dem Richelsdorfer Gebirge im S\u00fcden rund 7,5&nbsp;km (Luftlinie) s\u00fcd\u00f6stlich von Sontra. Durchflossen wird es von der Blanke, einem s\u00fcds\u00fcd\u00f6stlichen Zufluss der Ulfe. Am \u00f6stlichen Ortsrand verl\u00e4uft die Landesstra\u00dfe 3248, die n\u00f6rdlich auf die [&hellip;]<\/p>\n","protected":false},"author":3,"featured_media":0,"parent":0,"menu_order":0,"comment_status":"closed","ping_status":"open","template":"","meta":{"ngg_post_thumbnail":0},"_links":{"self":[{"href":"https:\/\/woelfterode.de\/home\/wp-json\/wp\/v2\/pages\/58"}],"collection":[{"href":"https:\/\/woelfterode.de\/home\/wp-json\/wp\/v2\/pages"}],"about":[{"href":"https:\/\/woelfterode.de\/home\/wp-json\/wp\/v2\/types\/page"}],"author":[{"embeddable":true,"href":"https:\/\/woelfterode.de\/home\/wp-json\/wp\/v2\/users\/3"}],"replies":[{"embeddable":true,"href":"https:\/\/woelfterode.de\/home\/wp-json\/wp\/v2\/comments?post=58"}],"version-history":[{"count":16,"href":"https:\/\/woelfterode.de\/home\/wp-json\/wp\/v2\/pages\/58\/revisions"}],"predecessor-version":[{"id":5021,"href":"https:\/\/woelfterode.de\/home\/wp-json\/wp\/v2\/pages\/58\/revisions\/5021"}],"wp:attachment":[{"href":"https:\/\/woelfterode.de\/home\/wp-json\/wp\/v2\/media?parent=58"}],"curies":[{"name":"wp","href":"https:\/\/api.w.org\/{rel}","templated":true}]}}